+ 1. Calculate p(n).
1
Let w(a) be the first derivative of a**3/3 + 2*a**2 - 7*a + 1. Let g be (-4)/((-16)/(-10) - 2). Suppose t = -t - g. Give w(t).
-2
Let g(u) = -2*u**2 + 2*u - 2. Let l = 4 + -2. Determine g(l).
-6
Let q(k) = -10*k**2 + 7*k - 9. Let u(a) = -5*a**2 + 3*a - 4. Let h(n) = -3*q(n) + 7*u(n). Give h(1).
-6
Suppose 2*r = 3 - 11. Let n(z) = 2*z + 4. Let s(i) = 4*i + 7. Let d(w) = 5*n(w) - 2*s(w). Give d(r).
-2
Let g(q) = -q**3 + q + 4. Suppose 0*j + j + 5 = 0, -4*j - 20 = -5*k. Give g(k).
4
Let v(y) be the second derivative of y**5/20 + y**4/3 + y**3/3 - y. Let w be (-1 - 0)/((-4)/(-32)). Let n(z) = -z**2 - 9*z - 10. Let p be n(w). Give v(p).
4
Let g(v) = -2 - v**3 + v + 2*v**3 + 4. Let i be g(0). Let r(c) = 2*c**2 - 2 - 2*c**3 + 0 + 13*c - 10*c. Calculate r(i).
-4
Let t(r) = -3*r + 7. Let v(k) = 6*k - 15. Suppose -68 = -5*x + q, -4*x + 2*q = 6*q - 40. Let n(m) = x*t(m) + 6*v(m). Determine n(3).
-8
Let x(i) = -4*i - 3. Suppose n + 7 + 1 = 0. Let b = n + 6. Calculate x(b).
5
Let h(s) = -s**2 - 2*s - 3. Let l(z) = 2*z - 6*z + 3*z**3 - 3 - 2*z**3 + 3*z**2. Let k be l(-4). Give h(k).
-6
Let t(c) = c**3 - 2*c**2 - 2*c + 2. Suppose 0*i - 2*i + 22 = 0. Let u = -16 + i. Let x(r) = r**2 + 5*r + 3. Let s be x(u). What is t(s)?
5
Let k(w) = 4*w**3 + w**2 - 1. Suppose 4*z - 5 = -z. Give k(z).
4
Suppose -3*h - 3*j - 9 = -3, 4*j = h - 18. Let i(f) = -f**3 + 2*f**2 - 2*f + 2. Calculate i(h).
-2
Let g(k) = k**2 + k - 1. Let m be 4/(5/((-15)/(-6))). Suppose 8 = -3*j + m. Give g(j).
1
Let d(z) = -3*z**2 - 20*z + 14. Let k(b) = b**2 + 7*b - 5. Let u(j) = -3*d(j) - 8*k(j). What is u(-5)?
3
Let z(w) = -w**2 - 5*w + 4. Suppose 6*b - 6 = 7*b. What is z(b)?
-2
Let n(f) = 2 + 32*f + 2 - 5 - 46*f. Let s = 0 + -1. Calculate n(s).
13
Let u(w) = w**3 + 6*w**2 - 6*w + 10. Let j be (-34)/(-51) - 46/6. Determine u(j).
3
Let u(c) be the first derivative of -5 + 1/2*c**2 + 2*c. Calculate u(6).
8
Let y = -25 + 11. Let r = y - -39. Suppose 6*w + 5*f = 2*w - 29, -4*f = 5*w + r. Let o(z) = -6*z**2 + z + 1. What is o(w)?
-6
Suppose 6*r - 2*r - 16 = 0. Suppose r*v - 38 = -3*o, 0 = -5*o + 4*v + 51 + 55. Let l be (-56)/(-9) + (-4)/o. Let z(d) = d**3 - 5*d**2 - 5*d - 1. Give z(l).
5
Let o(a) = 3. Let w(m) = -m - 13. Let t = 9 + -11. Let p(r) = t*w(r) - 9*o(r). Determine p(3).
5
Suppose 4*n - 8 = 8*n. Let b(p) = 4*p + 1. Determine b(n).
-7
Let s be -9 - 1*6/(-2). Let f(u) = u**2 + 7*u + 4. Give f(s).
-2
Let n(u) be the first derivative of -10 + 0*u**2 - 2*u**2 + u + u**2 + 16. Give n(-1).
3
Let m be (-5)/6*4*3. Let u(h) = h**2 + 11*h + 12. Give u(m).
2
Let m(l) be the second derivative of -l**3/2 - l**2 - 8*l. Let k(f) = -4*f - 2. Let n(i) = 4*k(i) - 5*m(i). Determine n(-2).
4
Let s be (-25)/(-8) + (-5)/40. Let v(h) = -h + 4. Calculate v(s).
1
Let y(k) be the first derivative of 1 - 1/30*k**5 + 0*k + 0*k**2 + 1/24*k**4 + 2/3*k**3. Let d(i) be the third derivative of y(i). What is d(1)?
-3
Suppose 4*r = -13 + 9. Let b(s) = 7*s. Give b(r).
-7
Let n(x) = 3*x**2 + 4*x + 3. Let p be n(-1). Let r(f) = -4 + f**3 + p + 1 - f**2 + 2*f. What is r(-2)?
-17
Let h = -3 + 4. Let y(u) = -13*u**3 + u**2 - u + 1. Give y(h).
-12
Let c(w) = -w - 4*w + 2*w**2 - w**2. Let m be ((-8)/(-10))/((-5)/(-25)). Calculate c(m).
-4
Let w(r) = r**3 + 2 + 4*r + 2 - 2 - 4 - 4*r**2. Suppose 0*q - 3*q + 6 = 0. Determine w(q).
-2
Suppose 0 = 3*d - 5*z + 2*z, 0 = 3*d - 5*z. Suppose 4*i = -0*b + b + 18, 4*b - 4*i + 36 = d. Let x(m) = -m - m**3 + 5*m + m**2 - 6 - 6*m**2. What is x(b)?
6
Let z = 26 + -23. Let b(o) = -o**2 + 6 - 6*o - z - 4. Determine b(-4).
7
Let k(c) be the first derivative of -c**5/120 + 5*c**4/24 + c**3/3 + 3. Let r(y) be the third derivative of k(y). What is r(6)?
-1
Let d(f) = -3*f**2 + f + 2. Let x(n) = -n**3 + n**2 + 2*n + 1. Let z be x(3). Let l = z + 9. Determine d(l).
-12
Let f(v) = -2*v**2 - 2*v - 1. Let o(t) = -t - 11. Let u be o(13). Let d = 23 + u. Determine f(d).
-1
Let q(j) = -2*j**2 + j - 2. Suppose -2 + 10 = 2*o. Suppose 2*y - m - 3 = -7, 4*y = -m - 8. Let n = y + o. Determine q(n).
-8
Let c(d) = -8*d**2 - d. Let t(f) = -f**2 + 15*f - 1. Let s be t(15). Calculate c(s).
-7
Suppose 104 = 15*v - 1. Let f(u) = -u + 9. Determine f(v).
2
Suppose -4 = -q - 3*q. Let m = 1 + 1. Let b(j) = -4*j - 3 + 2 + m*j. Calculate b(q).
-3
Let i(j) be the third derivative of -j**6/120 + j**5/30 - j**4/24 - j**3/6 - 2*j**2. Let f be 1/(-1 - -2) + 5. Let k = f - 4. What is i(k)?
-3
Suppose -36 = -4*o + 3*s + 2*s, -4 = s. Let x be o/((-5)/((-5)/2)). Let f(y) = -5*y**2 + y**2 - y**x - 1. Determine f(1).
-6
Let y(c) = -c - 6. Let o be y(0). Let z(s) = -9 + 22 - 6 + 2*s. Determine z(o).
-5
Let r(f) = f + 1. Let u(k) = k**2 - 13*k - 8. Let s(l) = -5*r(l) - u(l). What is s(8)?
3
Suppose -3*h + 2*f = -2*h, 4*h - 11 = -3*f. Let m(i) = -2 - 5*i**h + 4*i + i**3 + 4 + 0. Calculate m(4).
2
Suppose -5*u = 5*q, q + 1 - 7 = -4*u. Let i(j) = -2*j**2 - 1 - 2 - 10*j**3 + 3*j**u + 2. Calculate i(1).
-10
Let x(b) = -6*b**2 + 5*b - 1. Suppose -4*y = -12 + 32. Let s(f) = -f**2 + f + 0*f + 0*f**2. Let t(n) = y*s(n) + x(n). What is t(-2)?
-5
Let w(g) be the first derivative of -g**3 + 0*g + 0*g**2 + 1/40*g**5 + 1/360*g**6 - 3 + 1/12*g**4. Let s(q) be the third derivative of w(q). Determine s(-4).
6
Let d(p) be the first derivative of 0*p**2 + 5/3*p**3 + 1/4*p**4 - 3 + 6*p. Give d(-5).
6
Let g(m) = 3*m**3 - m**2 + m - 1. Suppose -4*t + 5*n - 3*n + 4 = 0, 4*t - 3*n - 4 = 0. Calculate g(t).
2
Let z(s) be the first derivative of -s**3/3 - s**2/2 - s - 5. Determine z(0).
-1
Suppose 8*r - 1 = 7*r. Let b(s) be the first derivative of -3*s**4/2 - s**3/3 + s**2/2 + 1. Calculate b(r).
-6
Let d(p) = p**2 - 5*p + 7. Let k be d(5). Suppose -2*h = u - 2, 5*u - 15 - k = 2*h. Let y(a) = a**2 + 0 - 2*a**2 + 1 + 4*a**3. Determine y(h).
-4
Let w be (1 - 7/5)*(-40)/4. Let i(o) = -o + 2. Determine i(w).
-2
Let a(m) = m**2 + m - 1. Let t(q) = -q**3 + 4*q**2 + q - 2. Let f(k) = -2*a(k) + t(k). Let z = 9 + -7. Let d be f(z). Let w(i) = i**2 - 3*i - 3. Calculate w(d).
7
Suppose -58*n = -60*n - 24. Suppose 0 = -0*t - 2*t + 18. Let p = n + t. Let s(c) = c**3 + c**2 - 4*c - 4. Determine s(p).
-10
Let h = 7 - 3. Suppose 3*b - h = -10. Let y(x) = x**3 + 3 - 3*x**2 - 2*x**3 - 1. What is y(b)?
-2
Suppose -m + 4 = 0, 5*m - 22 - 4 = y. Let u be y/24 - 30/8. Let f(q) = q**2 + 4*q + 4. Determine f(u).
4
Let x be (5/(-1) - -1) + -1. Let z(h) = -h**3 + 2*h**2 - h + 1. Let j(v) = -4*v**3 + 16*v**2 - 3*v + 1. Let c(i) = j(i) - 5*z(i). What is c(x)?
11
Let h(j) be the second derivative of -j**5/20 - j**4/2 + j**3/6 + 3*j**2 - j. Determine h(-6).
0
Let w(o) = 2*o - 1. Let u be w(1). Suppose 3*l = -3*a + 9, -2*l + u = 3*a - l. Let s(n) be the second derivative of -n**4/6 - n**3/6 + 2*n. Give s(a).
-1
Let x(q) be the first derivative of -q**4/4 + 5*q**3/3 - q**2 - 2*q + 3. Let u be 4 - (0/(-2))/(-2). Determine x(u).
6
Let i(d) = 3*d - 1. Let f(v) = -v - 1. Let w(n) = 4*f(n) + 2*i(n). Suppose 0 = -2*c + 5*u + 11, 4*c = 8*c + 2*u - 58. Let a = c - 8. Give w(a).
4
Let h(i) = 2*i + 4. Let f(u) = -3*u**2 + 2*u + 2. Let n be f(-2). Let x = 47 + -38. Let g = n + x. Give h(g).
-6
Let c(o) = -o + 2. Suppose 3*s + s = 0. Suppose s = 3*q + 17 - 5. Give c(q).
6
Let k = -5 - -9. Let p(s) = -5*s - 3. Let j(u) = -u. Suppose 3*o + 1 = 2*o. Let i(h) = k*j(h) + o*p(h). What is i(-4)?
-1
Let n(q) = -q**3 + 3*q**2 - 2*q + 3. Let u be n(3). Let r(k) = k**2 + 4*k + 2. Give r(u).
-1
Let y(z) = -z + 7. Let p be (-6 + 6)/(1 - 2). What is y(p)?
7
Let a(o) be the third derivative of -o**5/60 + o**3/6 + 30*o**2. What is a(-3)?
-8
Let l(m) be the first derivative of 11*m**3/3 + m**2/2 - 7. Calculate l(-1).
10
Suppose -56 = -a - 3*a. Let g = a - 19. Let z(r) = -r**3 - 4*r**2 + 5*r - 4. Calculate z(g).
-4
Let k(b) be the first derivative of 5 + 2/3*b**3 + 0*b + 0*b**2. What is k(1)?
2
Let p(g) be the first derivative of 3*g**5/20 - g**4/12 + g**2/2 + 5*g + 3. Let k(u) be the first derivative of p(u). Determine k(-1).
-3
Let z = 1 + -6. Let n(j) = -j**2 - 4*j - 4. Calculate n(z).
-9
Let n be -2*(-6)/(-4) + 4. Let g(f) = f**3 + f - 1. Determine g(n).
1
Let z(r) = -r - 1. Let h = -2 - -3. Let b(u) = u**3 - 2*u**2 - 3*u + 4. Let p(c) = h*b(c) + 2*z(c). Let n be (-36)/(-30)*10/4. Determine p(n).
-4
Le